**2 - 9*b + 8. Suppose 0 = -5*p + 2*n + 278, -4*p - 3*n = -171 - 56. Let f = 62 - p. What is the tens digit of i(f)?
3
Suppose 17*i - 5*p = 20*i - 11112, p = 3*i - 11112. What is the tens digit of i?
0
Let h = 77 + 26. Suppose 0 = -108*o + h*o + 1350. What is the tens digit of o?
7
Let f(k) = k**3 - k**2 - 3*k - 3. Suppose -2*q - 70 + 24 = 0. Let s = 27 + q. What is the units digit of f(s)?
3
Let k = 12671 - -39734. What is the ten thousands digit of k?
5
Suppose 0 = -2*n - 277 - 253. Let s be 5 - ((-2 - (-3 + 0)) + -422). Let r = s + n. What is the units digit of r?
1
Suppose -352*w + 18661 = 4*n - 355*w, w = -3*n + 14012. What is the tens digit of n?
6
Suppose 11 = -l + 12*l. What is the hundreds digit of 1/(l/5)*9843/85?
5
Let m = -38951 + 58541. What is the tens digit of m?
9
Let f(s) = -s**2 + 16*s - 24. Suppose 0 = 4*y + 4, 3*z + 0*y - 5 = 2*y. Suppose -r + z = 3*k - 23, 2*k = 5*r - 35. What is the units digit of f(r)?
9
Suppose -5*j = 15 + 5. Let n(p) = -8*p**3 + p**2 - 10*p - 12. What is the units digit of n(j)?
6
Suppose 33*d + 1344 = 39*d. Let r = d + -111. What is the hundreds digit of r?
1
Let b(a) = 45*a**2 + 2*a + 11. Let n(t) = 224*t**2 + 11*t + 56. Let h(c) = 11*b(c) - 2*n(c). Let z be h(2). Let j = z + 6. What is the hundreds digit of j?
2
Let c(n) = -n**2 - 2*n + 12. Let q be c(0). Suppose -5*g + 10*g - 3346 = 4*h, 0 = 3*h + q. What is the tens digit of g?
6
Suppose -3*b = 9*b + 960. Let r = 266 + b. What is the tens digit of r?
8
Let j(t) = t**3 + 67*t**2 + 55*t - 518. What is the units digit of j(-64)?
0
Suppose 136*t - 207*t = -2404912. What is the hundreds digit of t?
8
Let c(r) = 261*r + 32. Let d be c(14). Suppose 5*u = 6*u + 5*h - 1257, -d = -3*u + 2*h. What is the thousands digit of u?
1
Let p = -8049 + 30906. What is the hundreds digit of p?
8
Let n(f) = -9*f + 18. Suppose -33*r + 9 = -30*r. Suppose r = -v - 4. What is the units digit of n(v)?
1
Let p(r) = 23*r + 6. Let d be p(7). Let i = 5 + d. What is the hundreds digit of i?
1
Let j(z) = 15*z**2 - 124*z - 124. What is the thousands digit of j(29)?
8
Let u(f) = -f**2 - 25*f - 61. Let m be u(-22). What is the tens digit of m/(5*(-5)/(-1350))?
7
Let m(r) = -89*r - 5. Let v(b) = 2*b + 23. Let h be v(-15). Let q(p) = -45*p - 3. Let f(k) = h*q(k) + 4*m(k). What is the units digit of f(-3)?
4
Suppose 9*f - 35 = 2*f. Suppose 2*w - 6*w + 2953 = f*j, 3*w = 3*j + 2181. Suppose 100*c - 103*c + w = 0. What is the units digit of c?
4
Let j be 2 + -1 + 562 + -1. Let r = -184 + j. What is the tens digit of (-1)/(-2) + r/12?
3
Let r(o) = -68*o - 87 - 116 + 22 - 61*o - 30. What is the hundreds digit of r(-5)?
4
Let i be 1 + -1 - (-5 + 0 - -5). Suppose i = -5*g - 25, y + 3*y + 5*g = -1. Let v(n) = -n**3 + 8*n**2 + n + 1. What is the units digit of v(y)?
9
Let c(s) = 3*s**2 - 9*s + 4. Let b(f) = 3*f**2 - 8*f + 4. Let o(a) = -2*b(a) + 3*c(a). Let p = 102 + -95. What is the tens digit of o(p)?
7
Suppose -1325860 = -81*k + 6*k + 1710740. What is the ten thousands digit of k?
4
Let i be (-15)/(-6)*(-60)/(-50). Let m(q) = 41*q**3 - 6*q**2 + 9*q - 20. What is the units digit of m(i)?
0
Let b = 3727 + -2122. Let f = 1101 - b. What is the tens digit of ((-26)/4)/(6/f*3)?
8
Suppose -23*v + 5489 = x - 27*v, -8 = -2*v. What is the units digit of x?
5
What is the ten thousands digit of (-1)/(14/42)*-4521?
1
Let s(w) = 12*w**2 + 189*w - 11. Suppose -4*v + v = -z - 24, 37 = -2*z - 5*v. What is the hundreds digit of s(z)?
3
What is the hundreds digit of ((-2)/(-4))/(2/138440) - (-14)/2?
6
Let y = 39611 - -26582. What is the thousands digit of y?
6
Let i = 14262 - -6034. What is the thousands digit of i?
0
Suppose -k + 24976 = -3*l, 3*k + 22306 = -4*l + 97247. What is the tens digit of k?
7
Let z(g) be the first derivative of g**3/3 - 13*g**2/2 + 14*g - 35. Let s be z(13). Let u(o) = o**3 - 13*o**2 - 7*o - 11. What is the tens digit of u(s)?
8
Let n = -599 - -3680. What is the units digit of 4/12*(n - -18)?
3
Suppose -l + 3*b + b + 16 = 0, -5*l - 8 = 2*b. Suppose l = -49*c + 50*c - 452. What is the hundreds digit of c?
4
Suppose 3*o - 32 = -4*z + 24, 0 = o - z - 21. Let u(v) = v + 13. Let k(i) = -i - 24. Let s(m) = 4*k(m) + 7*u(m). What is the units digit of s(o)?
5
Let x = 12970 - -7900. What is the tens digit of x?
7
Suppose -75 + 203 = 16*g. Let a(v) = 60*v - 270. What is the hundreds digit of a(g)?
2
Let i = 991 + 2903. What is the thousands digit of i?
3
Let q = 88 + -148. Let k be (-6940)/q + 1/3. Let l = 134 - k. What is the units digit of l?
8
Let m = -5115 + 9812. What is the units digit of m?
7
What is the hundreds digit of 4697 - (14 + 4 + -13)?
6
Let c be 5/(-1) + (-2 - 0) + -1. What is the units digit of ((-12)/(-14))/(c/(-12264))?
4
Let m(c) = 3*c**3 - c**2 + 15*c - 8. Let x be (-140)/(-98)*(-42)/(-15). What is the hundreds digit of m(x)?
2
Let s(o) = 262*o - 1470. What is the ten thousands digit of s(49)?
1
Suppose 3*h = -0*h - 45. Let t(n) = 3*n**2 - 7*n - 16. Let x(p) = -4*p**2 + 7*p + 17. Let v(z) = -5*t(z) - 4*x(z). What is the units digit of v(h)?
2
Suppose 4*s - 4*r = 178 + 482, 0 = 3*s - 4*r - 499. Let j be (13 + -1 + 3)*-3. Let b = s + j. What is the tens digit of b?
1
Let g(f) = 63*f**2 - 53*f - 6. What is the hundreds digit of g(8)?
6
Let w be (-60)/(-14) + (-32)/14 + 2. Suppose -4*i + 21 = z, w*z - i + 6*i = 117. Let t = z + 23. What is the units digit of t?
6
Suppose 19 = 7*a - 9. Suppose 0 = a*l + m - 4, -3*l + m = -l - 2. Suppose -p + 14 = -l. What is the tens digit of p?
1
Let p(l) = 3*l**2 + 76*l - 406. What is the thousands digit of p(-69)?
8
Let f be (3/(-6))/((-1)/(-4) + 0). Let l be (-4)/f + (5 - (-3 - -5)). Suppose l*w - 145 = 180. What is the units digit of w?
5
Let b(p) be the third derivative of p**5/30 - 13*p**4/24 - 4*p**3 + 36*p**2. What is the hundreds digit of b(-10)?
3
Let h = -7 + 11. Suppose -2*d - 891 = -3*k - 98, 0 = h*k + 5*d - 1019. What is the units digit of (0 - 0)/(-3 - -1) + k?
1
Let g be (6/4)/((-2)/148). Let n = -1436 + 1180. Let p = g - n. What is the hundreds digit of p?
1
Let w = -2956 + 7898. What is the tens digit of w?
4
Suppose 5 = 5*q - 4*l, 4*q - 4*l = -0*q. Suppose -443 = -m + q*y, 2*m - 4*y = -2*m + 1788. What is the hundreds digit of m?
4
Let c = -67 + 70. Suppose 4*f + c*f = 1505. Let y = -134 + f. What is the units digit of y?
1
Let u = -22 - -75. Let l = 58 - u. Suppose l*i = 0, 3*o - i - 72 - 297 = 0. What is the tens digit of o?
2
Suppose 32*n - 407 - 681 = 0. Suppose 38*u - n*u - 1024 = 0. What is the tens digit of u?
5
Let s(n) = -n**2 - 4*n + 55. Let m be s(0). Let v = m - 52. Suppose 0 = -3*d + v*f + 149 + 19, -4*f - 168 = -3*d. What is the units digit of d?
6
Let o be (-1056)/72 + (-1)/3. What is the units digit of (-422)/(-6) - o/(-45)?
0
Let d(n) = -2*n**3 - 7*n**2 + 5*n + 8. Let k be d(-4). Suppose 15 = 3*l, -k*g = 3*l - 6*l - 9. Suppose -5*b = -h, h - g = 3*b - 4. What is the units digit of h?
5
Suppose 0 = 5*p - 4*p - 5. Let f(y) = 5*y + 24. Let r be f(16). Suppose -p*z + 3*z + r = 0. What is the tens digit of z?
5
Let y = -1120 - -1004. Let t(g) = g**3 + 5*g**2 + 6*g + 8. Let v be t(-8). Let h = y - v. What is the tens digit of h?
1
Let p = 10093 - 7620. What is the hundreds digit of p?
4
Suppose 0 = -3*h + 911 + 1516. Let n = -475 + h. What is the hundreds digit of n?
3
Let c = -417 - -413. Let t = 215 - c. What is the units digit of t?
9
Let r be 3/(-8) - (-2 + 10/16). What is the units digit of r*1578/(12/2)?
3
Let x(h) = -1661*h - 192. What is the hundreds digit of x(-5)?
1
Let m(w) = -w + 2. Let u be m(-5). Let d(y) = -51*y**2 + 86*y + 1. Let r(a) = -11*a**2 + 21*a. Let z(b) = -2*d(b) + 9*r(b). What is the hundreds digit of z(u)?
2
Let o(c) = 8*c**2 + 91*c - 477. What is the thousands digit of o(62)?
5
Let b = 1409 + -549. Suppose -9*v = -4*v - b. Let r = v - 115. What is the tens digit of r?
5
Let k be 12087/11 - (5 + (-228)/44). Let s = k + -631. What is the tens digit of s?
6
Let h be (543/9)/(11/(-198)). What is the hundreds digit of 0 - 1 - (2 + h)?
0
Let w(o) = -o**3 - 19*o**2 + 41*o - 4. Let n be w(-21). Let a = 293 + n. What is the tens digit of a?
1
Let k(q) be the first derivative of q**3/3 - 23*q**2/2 + 45*q - 7. What is the hundreds digit of k(31)?
2
Suppose 0 = 3*r - 15 + 3. Suppose -32*c + r*